ors of 96592496?
2, 7, 11, 13, 37, 163
What are the prime factors of 298029698?
2, 823, 181063
What are the prime factors of 769719880?
2, 5, 17, 37, 30593
List the prime factors of 358095118.
2, 379, 472421
What are the prime factors of 582972291?
3, 11, 127, 199, 233
What are the prime factors of 1121964395?
5, 224392879
List the prime factors of 2570574937.
7, 101, 519413
List the prime factors of 93238193.
127, 734159
List the prime factors of 2267212153.
131, 661, 26183
List the prime factors of 106436772.
2, 3, 13, 467, 487
What are the prime factors of 99946153?
103, 970351
List the prime factors of 44075454.
2, 3, 7345909
List the prime factors of 518850681.
3, 172950227
What are the prime factors of 103981904?
2, 13, 41, 89, 137
What are the prime factors of 6409360171?
6409360171
List the prime factors of 67323968.
2, 41, 25657
What are the prime factors of 2759266564?
2, 19, 37, 401, 2447
List the prime factors of 5274099239.
29, 4201, 43291
List the prime factors of 5363316.
2, 3, 7, 21283
What are the prime factors of 2172849208?
2, 271606151
List the prime factors of 515823830.
2, 5, 51582383
List the prime factors of 7879497.
3, 2626499
What are the prime factors of 1530941638?
2, 101, 7578919
List the prime factors of 14514567.
3, 4838189
What are the prime factors of 1783162282?
2, 11, 81052831
What are the prime factors of 219613325?
5, 8784533
What are the prime factors of 4250334262?
2, 443, 1553, 3089
What are the prime factors of 8572585?
5, 7, 31, 7901
List the prime factors of 1795466982.
2, 3, 569, 525913
What are the prime factors of 124864930?
2, 5, 23, 542891
What are the prime factors of 122840658?
2, 3, 2274827
What are the prime factors of 269227825?
5, 1627, 6619
List the prime factors of 229766770.
2, 5, 73, 449, 701
List the prime factors of 9229485279.
3, 7, 439499299
List the prime factors of 14173478.
2, 11, 17, 37897
What are the prime factors of 18906513?
3, 6302171
What are the prime factors of 3085912277?
7, 23, 19167157
What are the prime factors of 798709153?
11, 72609923
List the prime factors of 1481085890.
2, 5, 953, 155413
What are the prime factors of 481285498?
2, 43, 5596343
What are the prime factors of 180313277?
180313277
What are the prime factors of 6312613684?
2, 13, 121396417
List the prime factors of 194787040.
2, 5, 7, 173917
What are the prime factors of 99662950?
2, 5, 1993259
What are the prime factors of 48756984?
2, 3, 2031541
List the prime factors of 974526663.
3, 11, 19, 41, 167, 227
What are the prime factors of 850542741?
3, 31501583
What are the prime factors of 18883432?
2, 383, 6163
What are the prime factors of 10695691?
43, 248737
List the prime factors of 83229405.
3, 5, 7, 19, 41719
List the prime factors of 1230969334.
2, 7, 859, 102359
What are the prime factors of 178939741?
109, 15061
List the prime factors of 6095183.
41, 148663
What are the prime factors of 75653619?
3, 25217873
What are the prime factors of 17485129?
17, 23, 197, 227
List the prime factors of 1414376.
2, 176797
What are the prime factors of 5212465513?
45191, 115343
What are the prime factors of 96997544?
2, 7, 211, 8209
List the prime factors of 150193724.
2, 113, 332287
List the prime factors of 400668176.
2, 29, 863509
What are the prime factors of 84229943?
7, 12032849
List the prime factors of 113616821.
149, 762529
List the prime factors of 121116579.
3, 40372193
What are the prime factors of 79925443?
13, 1663, 3697
List the prime factors of 1507017480.
2, 3, 5, 29, 433051
List the prime factors of 253288785.
3, 5, 16885919
List the prime factors of 33024116.
2, 8256029
List the prime factors of 7093814.
2, 7, 13, 38977
What are the prime factors of 60366037?
2399, 25163
List the prime factors of 56894042.
2, 23, 1236827
What are the prime factors of 46365693?
3, 11, 29, 48449
List the prime factors of 1370242775.
5, 11, 389, 12809
List the prime factors of 138360967.
31, 4463257
List the prime factors of 85655704.
2, 2539, 4217
What are the prime factors of 75665306?
2, 3677, 10289
List the prime factors of 228217796.
2, 83, 687403
List the prime factors of 1369400892.
2, 3, 114116741
List the prime factors of 1133677428.
2, 3, 13, 7267163
List the prime factors of 210979782.
2, 3, 13, 23, 73, 179
What are the prime factors of 113438464?
2, 347, 1277
What are the prime factors of 24631022?
2, 13, 23, 41189
What are the prime factors of 366924502?
2, 7, 26208893
What are the prime factors of 621104581?
23, 27004547
List the prime factors of 152622845.
5, 263, 277, 419
What are the prime factors of 1727737296?
2, 3, 47, 83, 9227
What are the prime factors of 3481482262?
2, 23, 569, 133013
List the prime factors of 423490383.
3, 17, 922637
What are the prime factors of 5845136?
2, 11, 33211
What are the prime factors of 163930693?
71, 2308883
What are the prime factors of 21269881?
79, 307, 877
What are the prime factors of 1052523879?
3, 11, 89, 241, 1487
List the prime factors of 8328455.
5, 43, 38737
List the prime factors of 5746629938.
2, 7, 58639081
What are the prime factors of 366551727?
3, 3793, 32213
List the prime factors of 60646964.
2, 7, 2165963
List the prime factors of 18995313.
3, 79, 80149
What are the prime factors of 1144401580?
2, 5, 7, 17, 31, 15511
What are the prime factors of 114633553?
114633553
What are the prime factors of 175493422?
2, 13, 6749747
What are the prime factors of 62324619?
3, 7, 423977
List the prime factors of 24117638.
2, 12058819
List the prime factors of 231675192.
2, 3, 7, 139, 3307
List the prime factors of 38269683.
3, 4252187
What are the prime factors of 2084716536?
2, 3, 7, 163, 76129
What are the prime factors of 1964014415?
5, 11, 29, 1231357
What are the prime factors of 3992623472?
2, 249538967
List the prime factors of 1286493559.
13, 293, 337751
List the prime factors of 618367176.
2, 3, 7, 43, 9511
What are the prime factors of 27312429?
3, 9104143
List the prime factors of 44660420.
2, 5, 7, 71, 4493
List the prime factors of 42015370.
2, 5, 4201537
What are the prime factors of 2198265192?
2, 3, 19, 29, 55411
What are the prime factors of 1487084914?
2, 7, 569, 186679
What are the prime factors of 4323501840?
2, 3, 5, 7, 797, 3229
List the prime factors of 609647053.
19, 1688773
What are the prime factors of 30076150?
2, 5, 13, 46271
List the prime factors of 47463282.
2, 3, 179, 14731
List the prime factors of 43585385.
5, 163, 53479
What are the prime factors of 5580973297?
73, 76451689
List the prime factors of 14822549.
7, 113, 2677
List the prime factors of 220060051.
220060051
What are the prime factors of 376886726?
2, 29, 137, 47431
List the prime factors of 61014139.
17, 1579, 2273
What are the prime factors of 175385235?
3, 5, 23, 508363
List the prime factors of 843164080.
2, 5, 11, 958141
List the prime factors of 1954283248.
2, 157, 777979
What are the prime factors of 3987906968?
2, 498488371
List the prime factors of 40514294.
2, 4049, 5003
List the prime factors of 839536070.
2, 5, 83953607
What are the prime factors of 169189520?
2, 5, 43, 137, 359
What are the prime factors of 19845195?
3, 5, 79, 16747
What are the prime factors of 865136528?
2, 17, 223, 839
List the prime factors of 35312593.
35312593
List the prime factors of 1833368130.
2, 3, 5, 11, 37, 50051
List the prime factors of 3129759666.
2, 3, 11, 59, 267913
List the prime factors of 140948436.
2, 3, 67, 175309
What are the prime factors of 679503914?
2, 229, 1483633
What are the prime factors of 67496709?
3, 7, 3214129
List the prime factors of 1491564558.
2, 3, 11, 61, 370483
List the prime factors of 96468212.
2, 24117053
What are the prime factors of 4036389706?
2, 2018194853
What are the prime factors of 2704552739?
7, 19, 97, 209639
List the prime factors of 4943677191.
3, 43, 4943, 7753
List the prime factors of 42903537.
3, 14301179
What are the prime factors of 224024070?
2, 3, 5, 7467469
What are the prime factors of 2839457797?
11, 258132527
List the prime factors of 1437953086.
2, 718976543
List the prime factors of 183310748.
2, 103, 444929
List the prime factors of 113898139.
23, 4952093
List the prime factors of 34845095.
5, 29, 47, 5113
List the prime factors of 235571723.
235571723
List the prime factors of 204122075.
5, 43, 189